-1
Let g(t) = t**2 + t + 1. Let y(z) = 4*z**3 + 4*z**2 + 3*z + 4. Let a(i) = 5*g(i) - y(i). Determine a(-1).
4
Let d(v) = -9*v. Let k be ((-36)/(-3))/(-3) + 3. What is d(k)?
9
Suppose 0 = 3*o - 2*d - 2 + 3, 3*o - 5*d = -16. Let c(n) be the second derivative of n**3/6 - n. Give c(o).
3
Let p(k) = k**2 + 2*k - 1. Suppose 3*j + 1 = -8. Let c be p(j). Let n(d) = -2*d**2 + 2 - 1 + 0*d**2 - 4*d**c. Determine n(-1).
-5
Let j be (-4)/22 + 6/33. Let o(m) be the third derivative of 1/3*m**3 + j - 1/20*m**5 + 1/12*m**4 + 1/120*m**6 + 2*m**2 + 0*m. Determine o(3).
8
Let u(t) = -t**3 + t**2 + 4*t - 1. Suppose -2*a = 3 - 9. Let f be a/5*(-7 - -12). Give u(f).
-7
Let g(s) = -s + 1. Let p(h) = -4*h + 3. Let q(c) = 7*g(c) - 2*p(c). Let w(k) = -k**3 + 7*k**2 + 8*k - 5. Let f be w(8). Let j = -9 - f. Give q(j).
-3
Let v(h) = -5*h**2 - 10*h + 4. Let b(a) = -a**2 - 2*a + 1. Let m(c) = -11*b(c) + 2*v(c). Let u be m(3). Let p(w) = 12 + w - 3*w**2 - u. What is p(1)?
-2
Suppose v = -2*j + 9, 3*j = 7*j - 4*v. Let c(t) be the first derivative of 3*t - 3/2*t**2 + j. Give c(2).
-3
Let n be (-3)/2*(-1 + 3). Let w(g) = -g**2 - 3*g + 1. Give w(n).
1
Let d(x) = -2*x + 21. Let w be d(9). Let i(y) = -y**3 + 2*y**3 - 4 + 3 - 3*y - y**2. Determine i(w).
8
Suppose -5*b = -5 - 5. Suppose -b*z - 10 = 3*z. Let x(v) = -v**2 - v. Determine x(z).
-2
Let s(u) = u**3 + 4*u**2 + u + 3. Suppose -t + 4*t + 24 = 0. Let r(k) = k + 5. Let q be r(t). What is s(q)?
9
Let x(g) = 3*g + 6. Let o(f) be the first derivative of f**3/3 - 2*f**2 - 4*f - 3. Let t be o(4). What is x(t)?
-6
Let q = -5 - -8. Let b(l) = -l**2 + 8*l - l - q - 2*l. Suppose v - 6*v + 20 = 0. What is b(v)?
1
Let y(p) = p**2 + p - 1. Suppose -w - 2*o = o, -3*w = -5*o. Let h be y(w). Let g(x) = -9*x**2 + 1. Calculate g(h).
-8
Let n(m) = m - 9. Let c be n(7). Let h(t) = -2*t. Let x(r) = -r**2 - r. Let u(j) = c*h(j) + 3*x(j). What is u(-1)?
-4
Let q be (-3)/5 + (-2)/5. Let y(c) = c + 2. What is y(q)?
1
Let z = 4 - 3. Let m(w) = -w**3 + 0*w - w + 7*w**3 - z. What is m(-1)?
-6
Suppose -4*m + 2 = 5*z - 1, -m = 3. Suppose -p = -2*v - 4*p + 13, -v - 4 = -2*p. Let k(g) = -3*g + 6*g + 1 + g - v*g**2. Determine k(z).
-5
Let s(u) be the first derivative of -1/4*u**4 - 5 - 4*u - 7/3*u**3 - 7/2*u**2. Calculate s(-6).
2
Suppose 27 = 11*p - 6. Let t(v) be the first derivative of -3 - 5/2*v**2 - 1/3*v**p - 3*v. Determine t(-3).
3
Suppose 0 = 8*g - 4*g - 8. Suppose -1 = -x - d - 3, -g = 4*x + d. Let l(u) = -u**3 + 11. Calculate l(x).
11
Suppose r = -0*v - 2*v - 5, -5*v = 2*r + 15. Let q(z) be the third derivative of -z**4/8 + 7*z**3/6 + 3*z**2. Calculate q(r).
-8
Let z = -64 - -58. Let j(s) = -s**3 - 6*s**2 - 2*s + 1. Calculate j(z).
13
Let m(g) be the third derivative of -g**4/24 + 4*g**3/3 + 39*g**2. Calculate m(-6).
14
Let a(y) be the third derivative of y**6/120 - y**5/10 + 7*y**4/24 - 5*y**3/6 + 10*y**2. Suppose -3 = d - 7. Give a(d).
-9
Let k(h) = 3 + 4 - 2 + 0*h**2 - h + h**2. Suppose -2 - 4 = -3*i, 18 = 4*w - i. Let f(n) = -n**2 + 5*n. Let d be f(w). Give k(d).
5
Let q(d) = -4*d**2 - d. Let v = -12 - -15. Let x be 1/2 + v/6. Calculate q(x).
-5
Let c(x) = -x**3 - x**2 + x - 1. Let i(w) = 4*w + 2. Let m(b) = -3*b - 3. Let f(d) = 2*i(d) + 3*m(d). Let k be f(-5). Determine c(k).
-1
Let z = -3 - -11. Let o = -2 + z. Let p(m) = -4*m**2 + 3*m**2 + 2*m**2 + o*m + 1. Calculate p(-5).
-4
Let j be ((-1)/3)/((-57)/(-18) + -3). Let r(f) = -9*f. Calculate r(j).
18
Let w(i) = -3*i**3 - 9*i**2 - 2*i - 7. Let y(v) = -13*v**3 - 37*v**2 - 6*v - 28. Let d(k) = 9*w(k) - 2*y(k). Let g(j) = -j - 2. Let q be g(4). Calculate d(q).
-7
Let g(a) = 3*a**3 - 3*a**2 + 7*a - 10. Let j(l) = -7*l**3 + 5*l**2 - 14*l + 21. Let b(f) = -9*g(f) - 4*j(f). Give b(-8).
-2
Let v(u) = u**3 - u**2 + u. Let r(k) = 3*k**3 - 3*k**2 + k + 2. Let j(o) = -r(o) + 2*v(o). Calculate j(0).
-2
Let z(k) = -16*k - 19*k + 37*k. What is z(-3)?
-6
Let u(c) be the second derivative of c**4/12 - c**2 + 14*c. What is u(3)?
7
Let s = -9 + 11. Suppose s*y = 8 - 0. Suppose 0 = -4*x - y - 4. Let l(k) = 2*k**2 - k. What is l(x)?
10
Let a be 1/(1/3 - 0). Let y(o) = 2*o - 5. Let l(i) = -3*i + 4. Let h(v) = a*y(v) + 4*l(v). Determine h(1).
-5
Let a = 21 + -16. Let h(g) = -g + 3. What is h(a)?
-2
Let o(h) = h**2 + h + 4. Let s be o(0). Suppose s*p - p = z - 13, -2*p - 22 = -4*z. Let g(q) = 3*q + 1. Calculate g(p).
-8
Let w(p) be the first derivative of 1/2*p**2 - 1 + 4*p. Let n(y) = -1. Let d(z) = -2*n(z) - w(z). Calculate d(0).
-2
Let i(a) = 0 - 2*a - a - 1. Let l = -54 + 53. Determine i(l).
2
Let p(t) = -t**2 + 2*t + 7. Let u be (14/(-4))/((-2)/4). Let m be (2 - u)*(-2 - -1). Give p(m).
-8
Let m(w) = -w**2 + 6*w + 5. Let y = 11 + -24. Let r = -7 - y. Give m(r).
5
Let o(g) = g**3 - 6*g**2 - 8*g + 1. Let y = 37 + -30. Calculate o(y).
-6
Suppose -3*q = -2*p - 3*p - 35, 0 = -3*p - 2*q - 2. Let j = p + 9. Let f(r) = -r**3 + 6*r**2 - 2*r - 1. Give f(j).
14
Suppose 3*o - 2 = 4. Suppose 3*a + 2*l = 10, 2*a + o*a + 2*l = 12. Let s(m) = 3*m**3 - 1 + m**3 - 5*m**3 - a*m + 0*m**3. Determine s(-1).
2
Let c(f) be the second derivative of -f**4/12 + 7*f**3/6 - f**2 + 7*f. Give c(6).
4
Let w(m) be the first derivative of m**4/4 + m**3/3 - m**2/2 + 5. Determine w(2).
10
Let p(f) = f**2 - 11*f + 6. Let t be p(10). Let q(i) = -i**3 - 5*i**2 - 5*i - 5. Calculate q(t).
-1
Suppose 5*t = 6 + 4. Let z(r) = 3*r**3 - 3*r**2 + r + 1. Give z(t).
15
Let r(f) = -2*f + 6. Let z be r(4). Let i(s) = -s**3 - s**2 - s - 2. Determine i(z).
4
Let u be (-4)/2*1 - -2. Suppose u = 3*p + 4*t + 95, -3*t - 60 = p - 20. Let h be 10/p + 27/5. Let l(k) = k**2 - 5*k - 3. Give l(h).
-3
Let v(o) = -3*o**2 - 3*o - 3. Suppose 5*h = 4*f + 33, -3*h + 4*h + 5 = -5*f. Determine v(f).
-9
Let q(y) be the second derivative of -2*y - 1/24*y**4 + 1/3*y**3 + 0 + 0*y**2 - 1/60*y**5 - 1/360*y**6. Let o(a) be the second derivative of q(a). Give o(-3).
-4
Let m(d) be the first derivative of d**6/180 - d**5/120 - d**4/24 - 2*d**3/3 + 2. Let a(g) be the third derivative of m(g). What is a(2)?
5
Let a(y) = -2 - 5*y**2 - 3*y**3 - y + 4*y**3 + y**2. Let b = -5 + -10. Let h be (-5)/(b/6) + 2. Calculate a(h).
-6
Let d(p) be the second derivative of 2*p + 2*p**2 + 0 - 1/3*p**3 - 1/6*p**4. Let z be 1/(1/(-6)*2). Give d(z).
-8
Let r(q) = 4*q - 1. Suppose -3*f + 0*f + 3 = 0. Calculate r(f).
3
Let j(m) = 0 + 0*m + m - 1. Let c = -9 + 4. Calculate j(c).
-6
Let a = -1 - -2. Let b = 0 + a. Let f(t) = -t**3 + 3*t**2 - 4*t - 3. Let m(y) = -y**2 + y + 1. Let h(z) = 2*f(z) + 7*m(z). Calculate h(b).
-3
Let u(o) = 7*o**2 + 6 - 7*o**2 - 4*o - o**2 + 0*o**2. Let s be 0 - 1/((-2)/(-4)). Let g be 2/(s/5 - 0). Calculate u(g).
1
Let a(t) = 12*t**3 - t**2 + 2*t - 1. Let h be a(1). Let o(g) = -2*g + h - 5 + g - 2. What is o(4)?
1
Let u = 2 - -4. Suppose 4*m - u*m = 0. Let a(p) be the third derivative of -p**4/24 - p**3/3 - p**2. Give a(m).
-2
Let y(w) = 10*w + 5 + 2*w - 10*w. Determine y(-7).
-9
Let o(v) = -v**2 + 6*v - 2. Suppose 5*a - 3*s - 14 = 0, -5*s = -12 + 2. What is o(a)?
6
Let y(o) = -o**3 + o**2 + 19*o + 4. Let q be y(5). Let f(n) = 12*n**2 + 1. Calculate f(q).
13
Let i(v) be the second derivative of v**5/5 + v**4/6 - v**3/3 + 10*v. Determine i(-2).
-20
Let z(s) = -3*s**2 + s. Let w be z(-1). Let y(a) = -6 - a + 0 + 3 + 0. Calculate y(w).
1
Let p(n) = -n**2 - 2*n + 2. Let l(t) = -t**3 + 6*t**2 - 6*t + 7. Let f be l(5). Let o be ((-8)/(-12))/(f/(-3)). Let b be (-4)/(0 + o - -2). Determine p(b).
-6
Suppose 0 = -22*n + 21*n - 2. Let k(o) = -o**3 + o**2 + 3*o + 1. Calculate k(n).
7
Let n be 3 + 9/(-1 - 2). Let l(v) = v**3 + v**2 + 1. Let c(y) = -y**3 - 3*y**2 - y - 12. Let m(r) = -c(r) - 2*l(r). Calculate m(n).
10
Let o be 68/16 + (-2)/8. Let t = o + -2. Let z(i) = -3 + 3 - i**t - 3. What is z(0)?
-3
Suppose -4 = -3*h + 5*a, 55 = h - 6*h - 4*a. Let g(d) be the first derivative of -d**4/4 - 8*d**3/3 - 5*d**2/2 + 9*d - 1. Determine g(h).
-5
Let u(s) = -9 + s + 2 + 2 + 3. Give u(6).
4
Let q(z) = -z**3 + 9*z**2 - 7*z - 6. Let o be q(8). Let c(s) = s. Let t(l) = 4*l + 2. Let d(n) = o*c(n) - t(n). Determine d(2).
-6
Let m(o) = -2*o**2 - 10*o + 1. Let f(t) = t**2 + 5*t - 1. Let k(l) = -5*f(l) - 3*m(l). Let c = -7 + 2. What is k(c)?
2
Let t be -1*(-1)/2 + 48/(-32). Let u(f) = f - 1. Calculate u(t).
